*j - 6 = j. What is the units digit of j?
6
Let d(x) = -x**3 - 13*x**2 - 15*x - 18. Suppose -2*q - 9 = 15. What is the tens digit of d(q)?
1
Suppose -3*b = 5863 - 15388. What is the units digit of b?
5
Suppose g - 313 = -4*o, -5*g + 0*o + 1535 = 5*o. What is the tens digit of g?
0
Let t(j) = 2*j - 16. Let d be t(11). Suppose 3*k + 3*l - 42 = 0, 4*k + 0*k - l = 36. Let h = k - d. What is the units digit of h?
4
Let b(q) be the second derivative of 1/2*q**2 - 1/6*q**3 + 5/2*q**4 + 0 + 2*q. What is the units digit of b(-1)?
2
Suppose 11*c = 5*c + 1410. What is the units digit of c?
5
Let d be (-2)/((-204)/(-196) - 1). Let p = d - -96. Let a = p - 27. What is the tens digit of a?
2
Let c(f) = -13*f - 2 - 6*f**2 + 5 + 15*f - f**3. Let m be c(-6). Let a(i) = -2*i - 13. What is the units digit of a(m)?
5
Suppose 0*t = 2*p + 3*t - 1978, 4926 = 5*p - 2*t. What is the hundreds digit of p?
9
Suppose -124 = h - 201. What is the tens digit of h?
7
Let l(p) = -4*p**3 - 3*p**2 - 4*p - 1. Let c be l(-3). Suppose 0 = -4*t + 2*f - 214, 2*t - 4*f = -0*f - c. What is the units digit of (-3 - t)*1 + -3?
0
What is the units digit of ((-2)/6)/(((-4)/(-2466))/(-2))?
1
Let q(y) = 88*y - 51. What is the thousands digit of q(40)?
3
Let b be (-1 - 2) + (-2)/2. Let u be (18/b)/(7/14). Let n(m) = m + 15. What is the units digit of n(u)?
6
Let n be 7*7 - 72/(-18). Let g = -14 + n. What is the units digit of g?
9
What is the units digit of 2/(-11) - 9543/(-33)?
9
Let c = -341 + 512. What is the units digit of c?
1
Suppose 0 = -24*c + 21*c + 5268. What is the tens digit of c?
5
Let y = 4471 - 2277. What is the thousands digit of y?
2
Let p be 0 + -2 + (-66)/(-3). Let i be (-6)/(-5)*p/8. Suppose -4*l + 60 = 4*a, 0*a = -i*a + l + 65. What is the units digit of a?
0
Let k = 178 + -146. Let y(x) = x**3 - 6*x**2 + 7*x - 6. Let o be y(5). Suppose 0*c = -4*c + 4*f + k, -39 = -o*c - 3*f. What is the units digit of c?
9
Suppose 25800 - 95584 = -104*s. What is the units digit of s?
1
Let g(p) = 2*p + 26. What is the units digit of g(4)?
4
Suppose -2*w + 9 = -13. Suppose g - 2*g - w = -5*d, 0 = 4*g - 16. Suppose 4*z + 4*f - 24 = 0, -2*f = -2*z - d*z + 2. What is the units digit of z?
2
Suppose 3*h - 4*d + 3*d = 63, -3*d = -4*h + 89. Suppose h*n - 21*n + 70 = 0. Let p = -22 + n. What is the tens digit of p?
4
Suppose 8 = -2*l, 2*u - 14*l = -18*l + 340. What is the hundreds digit of u?
1
Suppose 5*h = 0, -5*u + 4*h + 6 = -4. Suppose -2*w + 23 = f, -u*w + 3*w = -2*f + 34. What is the tens digit of f?
1
Let a(q) = 2*q**2 + 8*q + 32. What is the units digit of a(-14)?
2
Let u = 43 - 43. Suppose u = -4*p + 2*o + 78, p + o - 3 = -4*o. What is the units digit of p?
8
Suppose 32*g + 1761 = 20353. What is the hundreds digit of g?
5
Let k(b) = -615*b - 14. What is the units digit of k(-3)?
1
Let p(r) = 32*r**2 + 6*r + 7. Let i be p(-4). Suppose i + 395 = 10*n. What is the units digit of n?
9
Suppose 5*j - 4*m - 1897 = -662, -3*m = -4*j + 989. What is the hundreds digit of j?
2
Let c be (-1 + 1)*(-1)/2. Suppose c = -3*s + 10 + 2. What is the units digit of s?
4
Let m = -217 - -95. Let o = 205 + m. What is the tens digit of o?
8
Let c(j) = j**3 + 11*j**2 - 9*j - 13. Let h be c(-11). Suppose -4*a = -0*a - 2*z - 96, -4*a + h = 3*z. Let x = -13 + a. What is the units digit of x?
0
What is the thousands digit of 2516 + 0 + 12 + -29 + 11?
2
Let u(z) be the second derivative of 0 - 1/20*z**5 + 5/2*z**2 + 5/12*z**4 + 2/3*z**3 + 9*z. What is the units digit of u(4)?
7
Let u(s) = 11*s**2 + 8*s - 34. Let q be 100/15*(-6)/(-8). What is the tens digit of u(q)?
8
Suppose k + 2*z = 59, 3*k - 161 = -z + 3*z. What is the units digit of 2 + 28/(-12) + k/3?
8
Let b(t) = t**2 - t + 19. Let y(i) = 5*i**2 + 1. Let v be y(1). Suppose 0 + v = -3*c - 3*l, -c + l + 2 = 0. What is the units digit of b(c)?
9
Let p(y) = y**2 - 13*y - 10. Let x be p(16). Let v be (-13)/(-2)*(x - 6). Suppose 288 = 6*k - k + 2*a, -4*a - v = -4*k. What is the units digit of k?
6
Let l(m) = -2072*m - 413. What is the units digit of l(-3)?
3
Let p = 208 + -360. Let z = 32 - p. What is the tens digit of z?
8
Suppose -3*i = -5*t + 1979, 3*i - 4*i - 1973 = -5*t. What is the tens digit of t?
9
Let o be (1 - 0)*(-10)/(-2). Suppose -6*t = -8 - 10. Suppose 7*f - 110 = t*f - 2*g, -o*f = -2*g - 124. What is the tens digit of f?
2
Suppose 4*w = -3*p + 2*p, 0 = 4*w + 5*p. Suppose w = -4*j + 183 + 57. What is the tens digit of j?
6
Let r(n) = 6*n**2 + 31*n + 78. What is the thousands digit of r(17)?
2
Let r = -1446 + 4587. What is the tens digit of r?
4
Let n = 60 + -57. What is the tens digit of n + (-1 + 7)*11 + -2?
6
Suppose 0 = 10*o - 1846 - 21084. What is the tens digit of o?
9
Let m = 1785 - 925. What is the tens digit of m?
6
Let s(u) = u - 1. Let l(a) = -a + 4. Let t(z) = -l(z) - 2*s(z). Let k be t(-8). Let g(b) = -b**3 + 6*b**2 + 3*b - 8. What is the tens digit of g(k)?
1
Let v = -1011 - -1742. What is the units digit of v?
1
Suppose -c - 8 = -5*c. Suppose 2*n = -c*s + 56, 0 = 5*n + 3*s - 181 + 41. Suppose -5*y = -3*y - n. What is the tens digit of y?
1
Let i be (-10)/14 + 14/(-49). Let n be i/3 + (-448)/(-21). Let f = 16 + n. What is the units digit of f?
7
Suppose -4*t = s - 670, -2724 = -4*s - 5*t - 0*t. What is the hundreds digit of s?
6
Suppose 2*a - 563 = 4*r - 109, 1210 = 5*a + 5*r. What is the units digit of a?
7
Suppose 4*r = 8*r - 2232. What is the units digit of r?
8
Let x = -6 + 13. Suppose x*f + 91 = 8*f. Let m = f + -53. What is the tens digit of m?
3
What is the units digit of 126/(-210)*(0 + -4805 + 0)?
3
Let f = -358 + 633. What is the hundreds digit of f?
2
Suppose -5*o - 4 = -14. Let q(w) = o - 3 - 2 + 2 + 6*w. What is the tens digit of q(3)?
1
What is the units digit of (-50)/((-1)/5*210/84)?
0
Let r be 63 - (0 + 1/(-1)). What is the units digit of r/(6/75*5)?
0
Suppose -348 = -2*r - 0*r. Suppose 3*j - 198 = r. What is the units digit of j?
4
Let u be -1*(-4 - -7 - -3). What is the units digit of (-32)/u*(-33)/(-4)?
4
Let v(b) = -2*b**2 - 10*b - 4. Let o be v(-8). Let g = o - -91. What is the tens digit of g?
3
Suppose 259 = -51*p + 52*p. Let l = 413 - p. What is the units digit of l?
4
Let z be (8 + -1)*(-1)/(-1). Let v(p) = p**2 - 7*p. Let a be v(z). Suppose a = 4*d - 37 - 51. What is the tens digit of d?
2
Let f(j) = -47*j. Let m be f(-1). Let i = m - 38. What is the units digit of i?
9
What is the units digit of -4*(-10 + 11) + 8780/2?
6
Let i(q) = -2*q**2 + 5*q + 7. Let h be i(3). Suppose -h*s + s = -258. What is the tens digit of s?
8
Suppose 18 = 6*w - 0*w. What is the units digit of w + 2/((-2)/3) - -52?
2
Let x(l) = -74*l + 129. What is the units digit of x(-7)?
7
Let y(b) = -23*b + 1. Let p be y(-6). Suppose -p = -2*a + 35. What is the units digit of a?
7
Suppose f - 1138 = -10*r + 8*r, -2*r + 5*f + 1162 = 0. What is the units digit of r?
1
Let k(v) = 114*v + 384. What is the hundreds digit of k(13)?
8
Suppose -6*t - 4 = -16. Suppose t*v + 501 = 1667. What is the units digit of (-2)/(-9) + v/9?
5
Suppose -3*b = -1717 + 76. What is the units digit of b?
7
Let d be (-2 + 2 - 4)/(-2). Suppose -h - f = -71, 0*f = -d*h - 3*f + 146. What is the tens digit of h?
6
Let r(k) = 13*k - 40. Suppose -30 = -11*x + 8*x + 3*b, 2*x + b - 11 = 0. What is the units digit of r(x)?
1
Suppose -3*u - 1020 = -82*x + 77*x, 2*x = 2*u + 412. What is the tens digit of x?
0
Suppose -1 = -f - n + 3, 4*n - 23 = 3*f. Let t(h) = 60*h**2 + 2*h - 3. Let w(z) = 60*z**2 + z - 3. Let k(v) = -4*t(v) + 5*w(v). What is the units digit of k(f)?
0
Suppose -12*t + 9*t = -1635. Let u = -372 + t. What is the tens digit of u?
7
Suppose -5*j = -2*m - 2938, 4*j + 1107 = -3*m + 3462. Suppose 0 = -95*o + 99*o - j. What is the tens digit of o?
4
Let g(q) be the second derivative of 68*q**4/3 - q**3 - 5*q**2/2 - 4*q - 2. What is the units digit of g(-1)?
3
Suppose 210*t - 228*t + 46116 = 0. What is the hundreds digit of t?
5
Suppose -6*l + 28 = -2*n - 2*l, -25 = -5*l. Let i(f) = -3*f - 13. Let o be i(n). What is the tens digit of -1 + 51 - (o - 2)?
5
Let c = -34 + 29. What is the tens digit of -3 + 1 + (c - -89)?
8
Let l(y) = 4*y - y - y - 12 - y. Let o be l(10). What is the units digit of 39/2 - 1/o?
0
Let m(j) = 62*j**3 - 5*j**2 + 2*j + 6. What is the hundreds digit o